 Let f(s) = -s**2 + 9*s + 0 - k*s + 9 + 0*s**2. What is the tens digit of f(4)?
2
Suppose -5*a - 5*y = -355, -6*a + y = -a - 349. What is the tens digit of a?
7
Suppose -u = -2*u + 4*u. Suppose -3*w + 10*w - 763 = u. What is the hundreds digit of w?
1
What is the units digit of ((-1057)/21 + 4)*-9?
7
Suppose 0 = -5*o - 3*y + 29, -o + 5*o - 4*y = 4. What is the units digit of (-90)/(-21)*(32 - o)?
0
Suppose 5*p - 1632 = -t, 3*t + p + 4*p - 4886 = 0. What is the hundreds digit of t?
6
Suppose 8*t - 175 = 9*t. Let l = t - -257. What is the units digit of l?
2
Let o = 208 - -1. What is the tens digit of o?
0
Suppose 232*w - 100 = 227*w. Suppose -w*c = -16*c - 884. What is the hundreds digit of c?
2
Suppose -16*v + 430 = -21*v. Let u = v + 322. What is the units digit of u?
6
Suppose 3311 + 361 = 4*d. What is the units digit of d?
8
Let b(q) = q**2 + 10*q - 22. Let f be b(-11). Let v(i) be the second derivative of -i**4/12 - 17*i**3/6 - 9*i**2/2 + i. What is the tens digit of v(f)?
5
Suppose 7 = 2*z - 1. Let i be (z/(-10))/((-1)/(-2555)). What is the tens digit of i/(-21) + 2/6?
4
Let w = -40 + 49. Let u = -5 + 33. Suppose -r = -u + w. What is the tens digit of r?
1
Suppose f + 2*m = -f + 8, -3*f = -2*m - 12. Suppose v + 0*n - 3*n - 222 = 0, -f*n = 0. What is the units digit of v?
2
Let v(m) = -2*m - 17. Let b be v(-7). What is the units digit of 3 - -81 - (b - -3)?
4
Suppose v - 12 = 4*c + 6, -v = c - 3. Suppose m = v*m - 260. What is the units digit of m?
2
Let g = -23 + 41. Suppose 2*p + 2*p - g = -2*l, 9 = 3*l. Suppose p*s - 52 = -4*h - h, 70 = 5*s + 5*h. What is the units digit of s?
9
Let o be (-104)/(-14) - 6/14. Let h(i) = -i**3 + 8*i**2 - 5*i - 10. Let x be h(o). Suppose -x*y + 18 = -y. What is the units digit of y?
6
Suppose 4*d + 1 = 41. Let a be d/8 + (-10)/40. What is the units digit of (a - -2)/(-3)*-1?
1
Let c = 1051 - 512. What is the hundreds digit of c?
5
Let z(c) = -c**3 + 12*c**2 - 11*c. Let b be z(11). What is the tens digit of (-2 + b)*(-6 - (-232)/(-16))?
4
Suppose h + 23 = 3*b - h, -5*b + 4*h = -41. Suppose b*y = 362 + 193. What is the hundreds digit of y?
1
Let g(o) = o**2 + 4. Let f be g(0). Suppose -f*h = -h + 84. What is the tens digit of (-2)/(-7) - 524/h?
1
Let b(v) = -7*v**3 + 10*v**2 + 9*v + 25. Let n(w) = 2*w**3 + w**2 - w - 1. Let g(c) = -b(c) - 4*n(c). What is the units digit of g(-14)?
9
Let g = -28 - -92. Suppose j = g + 66. What is the units digit of j?
0
Suppose a = -a + 62. Let y = 34 - a. What is the units digit of y?
3
Suppose 10 = -2*r, -2*d + 4*r + 40 = 2*d. Let f be 648/d + (-8)/(-20). Suppose 4*o + 2*m = -0*o + 104, -f = -5*o + 2*m. What is the tens digit of o?
2
Let h be (-3)/2 - 18/(-4). Suppose -2*c = 5*v - 16, 0*c + 3*v = h*c - 66. What is the tens digit of c?
1
Let w = -188 + 3347. What is the thousands digit of w?
3
Let k(v) = -10*v**2 - 1. Let p be k(-1). Let b = p - -23. Let f = 21 - b. What is the units digit of f?
9
Let d = -18 + 11. Let y(m) = -3 - 4 - 2*m + 15 + 7. What is the tens digit of y(d)?
2
Let o(x) = x**3 - 17*x**2 + 13*x + 81. What is the units digit of o(16)?
3
Suppose 0*j - 3*j + 9 = 0. Let x(p) = 3*p**2 - 9*p + 2. Let n be x(j). Suppose 0 = n*v + 6, 5*y + 0*v + 4*v - 298 = 0. What is the units digit of y?
2
Let d be (-4)/10 + (-66)/10. Let g = 3 + d. What is the tens digit of (1*-1)/(g/52)?
1
Let z(p) = -26*p - 153. Let s be z(-6). Let j(d) = -d**2 - 4. Let v(l) = 3. Let m(o) = -4*j(o) - 5*v(o). What is the units digit of m(s)?
7
Suppose 2*w - 198 - 1679 = -3*y, 4*y - 2516 = 4*w. What is the units digit of y?
7
Let y be ((-1044)/42)/(3/(-21)). Suppose y = 3*p + 42. What is the units digit of p?
4
Suppose 76 = 8*y + 28. What is the tens digit of (68/(-6))/(y/(-9))?
1
Let t(b) be the third derivative of 0 + 11/6*b**3 - 1/4*b**4 - 2*b**2 + 0*b. What is the tens digit of t(-8)?
5
Let k(l) = -l**2 + 9*l + 7. Let t be k(6). Suppose -3*z = p - 29 - 9, -10 = -5*p. Let r = t + z. What is the units digit of r?
7
What is the tens digit of (-6)/(-10)*-1 - 3278/(-5)?
5
Let k(r) = r**2 + r + 211. Suppose 5*o + 4*y = -12, y + 3 = -4*o + 7*o. What is the tens digit of k(o)?
1
Let x = -12 - -16. Suppose -4*z + 825 = -0*f + 5*f, 5*f - x*z - 825 = 0. Suppose 2*m - s - 98 = -m, 5*m - 2*s - f = 0. What is the units digit of m?
1
Suppose 3*m - 364 = 38. Let v = m - 82. What is the tens digit of v?
5
Suppose 5*c - 13 = -3*i + 4*c, 3*i - 29 = -5*c. Let g be (-18)/(-12)*(-4)/(-3). Suppose -i*d + 75 = g*d. What is the tens digit of d?
1
Let g = -967 + 2434. What is the tens digit of g?
6
Let x = 19 - 15. Suppose -x*s + 2*l + 13 = -3*s, s = -5*l - 22. Suppose -s - 27 = -2*a. What is the tens digit of a?
1
Let c = -9 - -11. Suppose c*b - 42 + 14 = 0. What is the units digit of b?
4
Let h(c) = 4*c + 23. Let q be 6/(-2) + 10 + 0. What is the tens digit of h(q)?
5
Let w be (3 - -34)*(-5)/5. What is the tens digit of w/(-4)*(-24)/15*-10?
4
Let s(a) = a**2 - a. Let x be (8/12)/(2/(-3)). Let g(d) = -5*d**2 + 8*d - 45. Let r(f) = x*g(f) - 6*s(f). What is the tens digit of r(0)?
4
Let r = 954 - 462. What is the units digit of r?
2
Let y(o) be the first derivative of -o**3/3 + 19*o**2/2 + 22*o - 8. What is the tens digit of y(18)?
4
Let u(z) = -z**3 - z**2 + 1. Let w(d) = -d**3 + 6*d**2 + 7*d - 16. Let s(p) = -u(p) - w(p). What is the hundreds digit of s(6)?
2
Let a be (1 - 3)/(3/(-24)). Let k = -17 + a. What is the tens digit of (77/(-21))/(k/9)?
3
Suppose -16 - 8 = 2*x. Let n = x - -15. What is the units digit of n?
3
Let y(k) = k + 9. Suppose -v - 3*l = 18, 4*l - 9*l = -3*v + 2. Let o be y(v). Let z = o + -1. What is the units digit of z?
2
What is the thousands digit of 890/(11 - (-126)/(-12))?
1
Let l(i) = 52*i + 473. What is the units digit of l(0)?
3
Suppose 0 = 2*i - 3*a - 13, -i - 2*a = 2*i. Let u = 38 - i. What is the units digit of u?
6
Let i(f) = -f**3 - 3*f**2 + 21*f - 12. What is the hundreds digit of i(-10)?
4
Let p = 163 - -652. What is the units digit of p?
5
Suppose 52*v - 57*v + 15 = 0. Suppose 0 = 4*r - 5*z - 333, -2*r + 171 = 2*z - v*z. What is the units digit of r?
7
Suppose 0 = 3*x - 4 + 10. Let d = 60 + x. Suppose 8*b + d - 298 = 0. What is the tens digit of b?
3
Let m be 24/(3 + 0) + -3. Let k(c) = 8*c**3 - 4*c**2 + 2*c - 5. Let l be k(3). Suppose 5*y - 4*w = l, -5*y + m*w + 223 = 38. What is the units digit of y?
3
Let t(h) be the third derivative of h**4/24 + 13*h**3/2 + 5*h**2 - 5*h. What is the tens digit of t(-4)?
3
Let z(x) = 368*x - 664. What is the tens digit of z(11)?
8
Let k(f) = 180*f + 66. Let s be k(-4). Let a = 80 + -129. What is the units digit of (-14)/a - s/14?
7
Let w = 440 + -274. What is the tens digit of w?
6
Suppose -4 = 2*u + 4. Let q = 15 + u. Suppose 4*z - 3*p - 101 = q, 0 = 2*z - 5*p - 42. What is the tens digit of z?
3
What is the hundreds digit of (-26)/(-4)*100308/169?
8
Suppose i + 4 = 3. Let q(o) be the first derivative of -19*o**4/4 - o**3/3 - o**2/2 - o + 13. What is the units digit of q(i)?
8
Let v(x) = 6*x + 9. Let h be v(-11). Let b = h - -105. What is the tens digit of b?
4
Suppose -4*o + 2*i = -924, 37 = -o + 3*i + 263. What is the units digit of o?
2
Let h(g) = 4*g - 6. Let r(t) = -t + 2. Let k(a) = -2*h(a) - 7*r(a). Let i be k(-5). What is the tens digit of -2 + i + 25 + -2?
2
Suppose 4*k - 84 = k. What is the tens digit of (k - 0) + (1 - 1)?
2
Suppose m + 56 = 3*m - z, -3*m + 3*z = -87. Let b = -24 + m. What is the units digit of (3 - -2)/(1/b)?
5
Suppose -38035 = -13*i + 11443. What is the tens digit of i?
0
Suppose z - 3*z = -342. Let s = 7 + z. What is the units digit of s?
8
Let c = -317 - -1172. What is the units digit of c?
5
Suppose 1 = -2*t + 5. Let l be (63/6 - -3)*2. Suppose -9 = -t*d + l. What is the units digit of d?
8
Let n(a) = a**3 + 8*a**2 + 7*a. Let x = 8 + -4. Suppose -26 = x*d - 6. What is the tens digit of n(d)?
4
Suppose -g - 703 = -f - 226, 2391 = 5*f - 3*g. What is the tens digit of f?
8
Suppose -3*s + 10 = 1. Suppose -3*u + 5*x + 1 = 0, 2*x + 2*x = -s*u + 10. Suppose 0 = 3*r + 4*f - 115, -71 = -2*r + f + u*f. What is the tens digit of r?
3
Let j(o) = 14*o**2 - 10 - 2*o**3 - 9*o + o**2 + o**3 - 8*o. Let d be j(14). What is the tens digit of (1/2)/((-1)/d)?
2
Let h(x) = -3*x - 87. Let z be h(25). Let m = z + 238. What is th